 of 339921.
3, 179, 211
List the prime factors of 57299.
11, 5209
List the prime factors of 1815185.
5, 363037
List the prime factors of 7118490.
2, 3, 5, 237283
List the prime factors of 1352009.
23, 29, 2027
What are the prime factors of 379795?
5, 13, 5843
What are the prime factors of 74994?
2, 3, 29, 431
What are the prime factors of 333906?
2, 3, 19, 29, 101
List the prime factors of 30283362.
2, 3, 560803
What are the prime factors of 492326?
2, 199, 1237
What are the prime factors of 529400?
2, 5, 2647
List the prime factors of 10018728.
2, 3, 15461
List the prime factors of 626215.
5, 125243
List the prime factors of 32784.
2, 3, 683
What are the prime factors of 221250?
2, 3, 5, 59
What are the prime factors of 4164883?
131, 31793
List the prime factors of 360565.
5, 37, 1949
List the prime factors of 4277458.
2, 313, 6833
List the prime factors of 419109.
3, 139703
List the prime factors of 105827.
97, 1091
What are the prime factors of 334777?
334777
What are the prime factors of 71220?
2, 3, 5, 1187
What are the prime factors of 4572157?
4572157
List the prime factors of 477735.
3, 5, 31849
List the prime factors of 122458.
2, 7, 8747
What are the prime factors of 787504?
2, 83, 593
List the prime factors of 3789320.
2, 5, 61, 1553
List the prime factors of 539400.
2, 3, 5, 29, 31
List the prime factors of 6112413.
3, 679157
List the prime factors of 168420.
2, 3, 5, 7, 401
List the prime factors of 449191.
17, 26423
What are the prime factors of 19564206?
2, 3, 3260701
What are the prime factors of 4270020?
2, 3, 5, 71167
What are the prime factors of 15323712?
2, 3, 79811
What are the prime factors of 9663051?
3, 3221017
What are the prime factors of 21055357?
83, 253679
List the prime factors of 1975167.
3, 219463
What are the prime factors of 706880?
2, 5, 47
List the prime factors of 102145.
5, 31, 659
What are the prime factors of 460396?
2, 115099
List the prime factors of 576401.
7, 67, 1229
What are the prime factors of 20183314?
2, 61, 165437
What are the prime factors of 534748?
2, 43, 3109
List the prime factors of 2726973.
3, 100999
What are the prime factors of 1715235?
3, 5, 41, 2789
What are the prime factors of 16032998?
2, 19, 29, 14549
What are the prime factors of 20651572?
2, 5162893
List the prime factors of 80072.
2, 10009
List the prime factors of 317660.
2, 5, 7, 2269
What are the prime factors of 103882?
2, 51941
List the prime factors of 12949188.
2, 3, 7, 154157
What are the prime factors of 178156?
2, 11, 4049
What are the prime factors of 5397187?
107, 50441
What are the prime factors of 2175642?
2, 3, 7, 31, 557
What are the prime factors of 2731931?
347, 7873
What are the prime factors of 1875626?
2, 937813
What are the prime factors of 2708576?
2, 13, 17, 383
List the prime factors of 70452.
2, 3, 19, 103
What are the prime factors of 9400400?
2, 5, 71, 331
List the prime factors of 6555092.
2, 23, 43, 1657
What are the prime factors of 1182324?
2, 3, 11, 13, 53
List the prime factors of 88757.
17, 23, 227
List the prime factors of 8213120.
2, 5, 41, 313
What are the prime factors of 1008155?
5, 163, 1237
What are the prime factors of 94392?
2, 3, 19, 23
What are the prime factors of 781018?
2, 7, 55787
List the prime factors of 188013.
3, 7, 1279
List the prime factors of 70161.
3, 7, 13, 257
List the prime factors of 11667044.
2, 191, 15271
What are the prime factors of 21950089?
7, 447961
What are the prime factors of 26038717?
26038717
List the prime factors of 20121487.
199, 101113
List the prime factors of 17888745.
3, 5, 7, 170369
What are the prime factors of 3916549?
7, 13, 193, 223
List the prime factors of 436731.
3, 145577
What are the prime factors of 18997097?
7, 2713871
What are the prime factors of 479688?
2, 3, 11, 23, 79
List the prime factors of 768078.
2, 3, 71, 601
List the prime factors of 2265706.
2, 137, 8269
What are the prime factors of 2176016?
2, 307, 443
List the prime factors of 2052851.
31, 66221
List the prime factors of 279213.
3, 11, 8461
What are the prime factors of 4326591?
3, 881, 1637
List the prime factors of 5961478.
2, 19, 59, 2659
List the prime factors of 206713.
13, 15901
List the prime factors of 65546.
2, 13, 2521
List the prime factors of 2921693.
131, 22303
What are the prime factors of 25446568?
2, 7, 41, 11083
List the prime factors of 861989.
37, 23297
What are the prime factors of 1616654?
2, 13, 4783
List the prime factors of 501133.
501133
What are the prime factors of 7112825?
5, 107, 2659
List the prime factors of 1247930.
2, 5, 124793
What are the prime factors of 398883?
3, 132961
What are the prime factors of 219782?
2, 109891
What are the prime factors of 1965334?
2, 7, 140381
List the prime factors of 434849.
434849
What are the prime factors of 191618?
2, 7, 13687
List the prime factors of 611774.
2, 499, 613
List the prime factors of 76663.
31, 2473
What are the prime factors of 322160?
2, 5, 4027
What are the prime factors of 16668448?
2, 520889
List the prime factors of 205094.
2, 102547
List the prime factors of 695454.
2, 3, 31, 3739
What are the prime factors of 721418?
2, 23, 15683
What are the prime factors of 398153?
7, 23, 2473
What are the prime factors of 7877?
7877
What are the prime factors of 68463?
3, 7607
List the prime factors of 22300.
2, 5, 223
List the prime factors of 74941.
74941
What are the prime factors of 15613?
13, 1201
What are the prime factors of 10699850?
2, 5, 7, 19, 1609
List the prime factors of 9472.
2, 37
List the prime factors of 8436811.
17, 496283
What are the prime factors of 988629?
3, 157, 2099
What are the prime factors of 19508459?
19, 1026761
List the prime factors of 689799.
3, 11, 20903
List the prime factors of 9288968.
2, 13, 89317
List the prime factors of 1072250.
2, 5, 4289
What are the prime factors of 535442?
2, 267721
What are the prime factors of 480679?
233, 2063
List the prime factors of 4927045.
5, 71, 13879
List the prime factors of 160386.
2, 3, 26731
List the prime factors of 225154.
2, 112577
What are the prime factors of 139654?
2, 69827
What are the prime factors of 4181187?
3, 31, 44959
What are the prime factors of 1591232?
2, 23, 47
What are the prime factors of 454898?
2, 19, 11971
List the prime factors of 82755.
3, 5, 613
What are the prime factors of 1940674?
2, 317, 3061
List the prime factors of 48425.
5, 13, 149
List the prime factors of 1108258.
2, 554129
List the prime factors of 2588098.
2, 23, 56263
What are the prime factors of 213518?
2, 106759
What are the prime factors of 106313?
41, 2593
List the prime factors of 5882802.
2, 3, 23, 47, 907
List the prime factors of 50058.
2, 3, 103
What are the prime factors of 148790?
2, 5, 14879
List the prime factors of 973794.
2, 3, 17, 9547
List the prime factors of 25864149.
3, 19, 453757
What are the prime factors of 4765322?
2, 1307, 1823
What are the prime factors of 21357130?
2, 5, 2135713
What are the prime factors of 151777?
23, 6599
What are the prime factors of 196091?
7, 109, 257
List the prime factors of 369720.
2, 3, 5, 13, 79
List the prime factors of 147953.
13, 19, 599
What are the prime factors of 358235?
5, 71647
What are the prime factors of 1219283?
13, 71, 1321
List the prime factors of 10655393.
7, 217457
What are the prime factors of 102548?
2, 31, 827
List the prime factors of 1772190.
2, 3, 5, 7, 29, 97
List the prime factors of 965072.
2, 60317
List the prime factors of 6271789.
6271789
What are the prime factors of 120496?
2, 17, 443
What are the prime factors of 633351?
3, 23, 67, 137
List the prime factors of 60280.
2, 5, 11, 137
List the prime factors of 7670801.
7670801
List the prime factors of 12662936.
2, 11, 13, 11069
List the prime factors of 15331.
15331
List the prime factors of 8301750.
2, 3, 5, 11069
List the prime factors of 216647.
216647
What are the prime factors of 931091?
7, 133013
List the prime factors of 15422115.
3, 5, 1028141
What are the prime factors of 7231127?
7231127
List the prime factors of 27156342.
2, 3, 4526057
What are the prime factors of 3273590?
2, 5, 23, 43, 331
List the prime factors of 240376.
2, 30047
List the prime factors of 307594.
2, 7, 127, 173
What are the prime factors of 1487208?
2, 3, 61967
List the prime factors of 1163574.
2, 3, 127